
What are the prime factors of 7277538?
2, 3, 1212923
What are the prime factors of 1642603?
47, 34949
List the prime factors of 490441.
7, 10009
List the prime factors of 546447.
3, 11, 29, 571
What are the prime factors of 16527911?
439, 37649
List the prime factors of 1241479.
19, 181
List the prime factors of 897089.
47, 19087
List the prime factors of 482106.
2, 3, 19, 4229
List the prime factors of 184629.
3, 61543
List the prime factors of 18318512.
2, 1144907
List the prime factors of 21523828.
2, 2243, 2399
List the prime factors of 386439.
3, 128813
What are the prime factors of 11151125?
5, 89209
List the prime factors of 10964475.
3, 5, 48731
What are the prime factors of 1328223?
3, 13, 34057
What are the prime factors of 784388?
2, 11, 17827
List the prime factors of 1000204.
2, 250051
List the prime factors of 259067.
31, 61, 137
List the prime factors of 10159372.
2, 137, 18539
What are the prime factors of 2913024?
2, 3, 3793
List the prime factors of 29295.
3, 5, 7, 31
List the prime factors of 255076.
2, 43, 1483
What are the prime factors of 4874067?
3, 11, 16411
List the prime factors of 1456934.
2, 17, 73, 587
List the prime factors of 1546842.
2, 3, 11, 23, 1019
What are the prime factors of 11499363?
3, 281, 4547
What are the prime factors of 6010238?
2, 13, 271, 853
What are the prime factors of 1684832?
2, 37, 1423
List the prime factors of 27374.
2, 13687
What are the prime factors of 2083279?
11, 189389
List the prime factors of 467859.
3, 7, 22279
List the prime factors of 353898.
2, 3, 19661
List the prime factors of 16219317.
3, 5406439
List the prime factors of 332806.
2, 166403
What are the prime factors of 14796911?
53, 279187
What are the prime factors of 284234?
2, 23, 37, 167
List the prime factors of 1348254.
2, 3, 74903
List the prime factors of 336957.
3, 17, 6607
List the prime factors of 4254729.
3, 1418243
What are the prime factors of 145408?
2, 71
List the prime factors of 1910398.
2, 7, 61, 2237
List the prime factors of 16642523.
313, 53171
List the prime factors of 8061547.
13, 659, 941
List the prime factors of 1099967.
11, 19, 277
What are the prime factors of 21993977?
29, 61, 12433
List the prime factors of 7486775.
5, 299471
What are the prime factors of 199628?
2, 11, 13, 349
List the prime factors of 15875610.
2, 3, 5, 41, 12907
List the prime factors of 984667.
984667
List the prime factors of 6535785.
3, 5, 43, 10133
List the prime factors of 57635.
5, 11527
What are the prime factors of 576535?
5, 67, 1721
List the prime factors of 1238057.
37, 33461
List the prime factors of 506608.
2, 31663
What are the prime factors of 8866138?
2, 4433069
What are the prime factors of 17496010?
2, 5, 7, 249943
List the prime factors of 1727074.
2, 863537
List the prime factors of 23381452.
2, 503, 11621
What are the prime factors of 5941694?
2, 11, 29, 67, 139
What are the prime factors of 353488?
2, 22093
What are the prime factors of 14030905?
5, 7, 57269
What are the prime factors of 678950?
2, 5, 37, 367
What are the prime factors of 939428?
2, 7, 4793
List the prime factors of 327495.
3, 5, 7, 3119
What are the prime factors of 2431453?
2431453
List the prime factors of 238975.
5, 11, 79
List the prime factors of 1010268.
2, 3, 7, 19, 211
What are the prime factors of 4787853?
3, 7, 227993
List the prime factors of 437648.
2, 17, 1609
What are the prime factors of 9779321?
9779321
List the prime factors of 524669.
524669
List the prime factors of 950029.
950029
What are the prime factors of 1370415?
3, 5, 103, 887
List the prime factors of 21285464.
2, 743, 3581
What are the prime factors of 1450720?
2, 5, 9067
List the prime factors of 1476324.
2, 3, 23, 1783
List the prime factors of 310473.
3, 3833
List the prime factors of 3303877.
359, 9203
List the prime factors of 70456.
2, 8807
List the prime factors of 14415.
3, 5, 31
List the prime factors of 21909054.
2, 3, 701, 5209
What are the prime factors of 1610470?
2, 5, 161047
List the prime factors of 5463628.
2, 1365907
List the prime factors of 47219.
23, 2053
What are the prime factors of 159794?
2, 109, 733
What are the prime factors of 7962711?
3, 2654237
What are the prime factors of 2256593?
37, 71, 859
List the prime factors of 375599.
7, 53657
What are the prime factors of 1194465?
3, 5, 79631
List the prime factors of 650472.
2, 3, 27103
What are the prime factors of 12150742?
2, 6075371
List the prime factors of 1696534.
2, 7, 121181
What are the prime factors of 1552812?
2, 3, 129401
List the prime factors of 492741.
3, 53, 1033
List the prime factors of 252496.
2, 43, 367
What are the prime factors of 572916?
2, 3, 47743
List the prime factors of 247912.
2, 7, 19, 233
List the prime factors of 3197724.
2, 3, 266477
What are the prime factors of 3535798?
2, 7, 31, 8147
List the prime factors of 228609.
3, 8467
What are the prime factors of 3451353?
3, 1019, 1129
What are the prime factors of 358112?
2, 19, 31
List the prime factors of 19190592.
2, 3, 33317
What are the prime factors of 730440?
2, 3, 5, 2029
What are the prime factors of 394184?
2, 7, 7039
What are the prime factors of 108020?
2, 5, 11, 491
What are the prime factors of 561803?
11, 4643
What are the prime factors of 169351?
7, 13, 1861
What are the prime factors of 162079?
162079
List the prime factors of 1203546.
2, 3, 200591
List the prime factors of 3086895.
3, 5, 7, 29399
What are the prime factors of 207363?
3, 13, 409
What are the prime factors of 390480?
2, 3, 5, 1627
List the prime factors of 80027.
79, 1013
List the prime factors of 755321.
7, 107903
List the prime factors of 484568.
2, 7, 17, 509
List the prime factors of 5807.
5807
List the prime factors of 95886.
2, 3, 7, 761
What are the prime factors of 244677?
3, 81559
What are the prime factors of 2601314?
2, 359, 3623
What are the prime factors of 708076?
2, 177019
What are the prime factors of 3380835?
3, 5, 257, 877
What are the prime factors of 2185100?
2, 5, 21851
What are the prime factors of 695168?
2, 5431
What are the prime factors of 101096?
2, 12637
List the prime factors of 27509979.
3, 7, 1309999
What are the prime factors of 1896051?
3, 23, 27479
List the prime factors of 6803.
6803
What are the prime factors of 454546?
2, 17, 29, 461
List the prime factors of 1523535.
3, 5, 13, 601
What are the prime factors of 166105?
5, 139, 239
What are the prime factors of 209900?
2, 5, 2099
What are the prime factors of 2133316?
2, 43, 79, 157
List the prime factors of 3714688.
2, 29021
What are the prime factors of 18050658?
2, 3, 503, 5981
List the prime factors of 225464.
2, 28183
What are the prime factors of 230273?
230273
What are the prime factors of 1145213?
1145213
List the prime factors of 158892.
2, 3, 13241
List the prime factors of 325029.
3, 108343
List the prime factors of 619539.
3, 97, 2129
List the prime factors of 1825281.
3, 67, 1009
List the prime factors of 1849107.
3, 13, 17, 2789
List the prime factors of 135283.
135283
List the prime factors of 3294990.
2, 3, 5, 31, 1181
List the prime factors of 729562.
2, 19, 73, 263
What are the prime factors of 201322?
2, 11, 9151
What are the prime factors of 539571?
3, 37, 4861
What are the prime factors of 125042?
2, 103, 607
List the prime factors of 4882327.
4882327
What are the prime factors of 4337260?
2, 5, 229, 947
List the prime factors of 3338924.
2, 83, 89, 113
What are the prime factors of 15488760?
2, 3, 5, 7, 18439
What are the prime factors of 29950517?
19, 1576343
List the prime factors of 1481176.
2, 17, 10891
List the prime factors of 2840459.
2840459
List the prime factors of 2631114.
2, 3, 146173
What are the prime factors of 685470?
2, 3, 5, 73, 313
List the prime factors of 516222.
2, 3, 7, 17, 241
List the prime factors of 69103.
19, 3637
What are the prime factors of 3920879?
23, 170473
What are the prime factors of 1448451?
3, 17, 9467
List the prime factors of 533155.
5, 7, 15233
What are the prime factors of 20667662?
2, 23, 29, 15493
List the prime factors of 252572.
2, 233, 271
List the prime factors of 3049845.
3, 5, 203323
What are the prime factors of 68359?
197, 347
What are the prime factors of 488173?
7, 69739
What are the prime factors of 1701838?
2, 31, 27449
List the prime factors of 111135.